{"id":86,"date":"2012-08-27T12:15:03","date_gmt":"2012-08-27T11:15:03","guid":{"rendered":"http:\/\/www.elmadani.org\/fr\/?page_id=86"},"modified":"2016-12-28T09:44:32","modified_gmt":"2016-12-28T08:44:32","slug":"livres-de-m-madani","status":"publish","type":"page","link":"https:\/\/www.elmadani.org\/fr\/livres-de-m-madani\/","title":{"rendered":"Ecrits"},"content":{"rendered":"<p>Cette page est r\u00e9serv\u00e9e aux ouvrages, \u00e9tudes et conf\u00e9rences d&rsquo;ATM qui seront, si Dieu le permet, disponibles en t\u00e9l\u00e9chargement.<\/p>\n<p>Tous ces documents sont en arabe. Seul le premier tome de \u00ab\u00a0Hay\u00e2t kif\u00e2h\u00a0\u00bb (Une vie de combat) a \u00e9t\u00e9 traduit en fran\u00e7ais et publi\u00e9. Nous essayerons de contacter le traducteur pour avoir la permission de le publier sur ce site.<\/p>\n<p><em><span style=\"text-decoration: underline;\"><strong>Les livres<\/strong><\/span><\/em><\/p>\n<p>\u00ab\u00a0<a href=\"http:\/\/www.elmadani.org\/ar\/wp-content\/uploads\/Le-trait%C3%A9-de-S%C3%A8vres.pdf\" target=\"_blank\">Le trait\u00e9 de S\u00e8vres<\/a>\u00a0\u00bb sur la capitulation des Ottomans.<\/p>\n<p>\u00ab\u00a0Carthage, en quatre \u00e2ges, ou l\u2019Histoire de l\u2019Afrique du Nord avant l\u2019islam\u00a0\u00bb (Tunis, 1927) (<a href=\"http:\/\/www.4shared.com\/office\/ZtiU1Fee\/Carthage.html\">T\u00e9l\u00e9charger sur 4shared.com<\/a> \/<a href=\"http:\/\/www.elmadani.org\/ar\/wp-content\/uploads\/Carthage.pdf\"> T\u00e9l\u00e9charger sur elmadani.com<\/a>)<\/p>\n<p>\u00ab\u00a0Le <a title=\"Le livre de l'Alg\u00e9rie d'Ahmed Tewfik (Taoufik) El-MAdani\" href=\"http:\/\/www.elmadani.org\/ar\/wp-content\/uploads\/KitabElDjazair.pdf\" target=\"_blank\">Livre de l&rsquo;Alg\u00e9rie<\/a>\u00ab\u00a0, 1932 (autre lien \u00e0 partir de <a title=\"Le livre de l'Alg\u00e9rie d'Ahmed Tewfik el Madani\" href=\"http:\/\/archive.org\/details\/Kitab.Al-jazair\" target=\"_blank\">archive.org<\/a>)<\/p>\n<p><a title=\"Hannibal\" href=\"https:\/\/www.elmadani.org\/fr\/?p=303\">Hannibal, 1948<\/a><\/p>\n<p><a href=\"http:\/\/www.elmadani.org\/ar\/wp-content\/uploads\/hdhh-hy-aljzaer-alm-ar_ptiff1.pdf\">Voil\u00e0 l&rsquo;Alg\u00e9rie (h\u00e2dhihi hiya-l-djaz\u00e2&rsquo;ir)<\/a><\/p>\n<p><a href=\"http:\/\/elmadani.org\/Documents\/Livres\/Al-huriyya%20thamratu-l-djihad\/Thamra.pdf\">Le combat de l&rsquo;Irlande (nid\u00e2l irland\u00e2)<\/a><\/p>\n<p><a title=\"G\u00e9ographie de l'Alg\u00e9rie d'Ahmed Tewfik el Madani\" href=\"http:\/\/www.elmadani.org\/ar\/wp-content\/uploads\/Gughrafiyatu-l-qutr-al-djazairi.pdf\" target=\"_blank\">G\u00e9ographie de l&rsquo;Alg\u00e9rie<\/a> (autre lien de <a title=\"G\u00e9ographie de l'Alg\u00e9rie d'Ahmed Tewfik el Madani\" href=\"http:\/\/ia601008.us.archive.org\/1\/items\/Algeria.Geographic\/kitab.pdf\" target=\"_blank\">t\u00e9l\u00e9chargement<\/a>)<\/p>\n<p><a href=\"http:\/\/www.elmadani.org\/ar\/wp-content\/uploads\/Les%20musulmans%20en%20Sicile%20et%20dans%20le%20sud%20de%20l'Italie.PDF\" target=\"_blank\">Les musulmans en Sicile et dans le sud de l&rsquo;Italie (1948)<\/a><\/p>\n<p><a href=\"http:\/\/www.elmadani.org\/ar\/mudhakaraat-naqiib-al-ashraaf\/\" target=\"_blank\">Les m\u00e9moires d&rsquo;Ahmad Az-Zahh\u00e2r<\/a><\/p>\n<p><a href=\"http:\/\/www.elmadani.org\/ar\/wp-content\/uploads\/La%20guerre%20des%20trois%20cents%20ans%20entre%20l%27Alg%C3%A9rie%20et%20l%27Espagne.pdf\" target=\"_blank\">La guerre des trois cents ans entre l\u2019Alg\u00e9rie et l\u2019Espagne, <\/a>version originale, \u00e9d. 1976 (en arabe) \u00e0 t\u00e9l\u00e9charger<\/p>\n<p><span style=\"text-decoration: underline;\"><em><strong>Les \u00e9tudes<\/strong><\/em><\/span><\/p>\n<p><a href=\"http:\/\/www.elmadani.org\/ar\/wp-content\/uploads\/\u0627\u0644\u0648\u062c\u0648\u062f-\u0627\u0644\u0639\u0631\u0628\u064a-\u0641\u064a-\u0627\u0644\u0644\u063a\u0629-\u0627\u0644\u062a\u0631\u0643\u064a\u0629-\u0644\u0644\u0623\u0633\u062a\u0627\u0630-\u0623\u062d\u0645\u062f-\u062a\u0648\u0641\u064a\u0642-\u0627\u0644\u0645\u062f\u0646\u064a.pdf\">L&rsquo;arabe dans la langue turque<\/a><\/p>\n<p><a href=\"http:\/\/www.elmadani.org\/ar\/?p=605\" target=\"_blank\">Le resplandissement de la civilisation islamique en Europe \u00e0 partir de la Sicile<\/a><\/p>\n<p><a href=\"http:\/\/www.elmadani.org\/ar\/?p=618\" target=\"_blank\">Pr\u00e9lude \u00e0 l&rsquo;\u00e9tude de la dynastie rost\u00e9mide<\/a><\/p>\n<p><span style=\"text-decoration: underline;\"><em><strong>Les conf\u00e9rences<\/strong><\/em><\/span><\/p>\n<p><a href=\"http:\/\/www.elmadani.org\/ar\/wp-content\/uploads\/Madani-sur-el-Ibrahimi.pdf\" target=\"_blank\">\u00ab\u00a0El Ibrahimi: une nation, une g\u00e9n\u00e9ration, une \u00e9poque\u00a0\u00bb, parole d&rsquo;ATM lors de son admission \u00e0 l&rsquo;acad\u00e9mie arabe du Caire.<\/a><\/p>\n<p><a title=\"Moubarek el Mili l'hitorien de l'Alg\u00e9rie\" href=\"http:\/\/www.elmadani.org\/ar\/?p=413\" target=\"_blank\">\u00ab\u00a0Moubarek el Mili, l&rsquo;Historien de l&rsquo;Alg\u00e9rie\u00a0\u00bb, article d&rsquo;ATM publi\u00e9 dans le Chihab d&rsquo;Ibn Badis le 1er mars 1948 \u00e0 l&rsquo;occasion du 3e anniversaire de la mort de Mili.<\/a><\/p>\n","protected":false},"excerpt":{"rendered":"<p>Cette page est r\u00e9serv\u00e9e aux ouvrages, \u00e9tudes et conf\u00e9rences d&rsquo;ATM qui seront, si Dieu le permet, disponibles en t\u00e9l\u00e9chargement. Tous ces documents sont en arabe. Seul le premier [&hellip;]<\/p>\n","protected":false},"author":525,"featured_media":0,"parent":0,"menu_order":0,"comment_status":"open","ping_status":"closed","template":"","meta":{"footnotes":""},"class_list":["post-86","page","type-page","status-publish","hentry"],"_links":{"self":[{"href":"https:\/\/www.elmadani.org\/fr\/wp-json\/wp\/v2\/pages\/86","targetHints":{"allow":["GET"]}}],"collection":[{"href":"https:\/\/www.elmadani.org\/fr\/wp-json\/wp\/v2\/pages"}],"about":[{"href":"https:\/\/www.elmadani.org\/fr\/wp-json\/wp\/v2\/types\/page"}],"author":[{"embeddable":true,"href":"https:\/\/www.elmadani.org\/fr\/wp-json\/wp\/v2\/users\/525"}],"replies":[{"embeddable":true,"href":"https:\/\/www.elmadani.org\/fr\/wp-json\/wp\/v2\/comments?post=86"}],"version-history":[{"count":0,"href":"https:\/\/www.elmadani.org\/fr\/wp-json\/wp\/v2\/pages\/86\/revisions"}],"wp:attachment":[{"href":"https:\/\/www.elmadani.org\/fr\/wp-json\/wp\/v2\/media?parent=86"}],"curies":[{"name":"wp","href":"https:\/\/api.w.org\/{rel}","templated":true}]}}

<p>Cette page est réservée aux ouvrages, études et conférences d&rsquo;ATM qui seront, si Dieu le permet, disponibles en téléchargement.</p>
<p>Tous ces documents sont en arabe. Seul le premier tome de « Hayât kifâh » (Une vie de combat) a été traduit en français et publié. Nous essayerons de contacter le traducteur pour avoir la permission de le publier sur ce site.</p>
<p><em><span style="text-decoration: underline;"><strong>Les livres</strong></span></em></p>
<p>« <a href="http://www.elmadani.org/ar/wp-content/uploads/Le-trait%C3%A9-de-S%C3%A8vres.pdf" target="_blank">Le traité de Sèvres</a> » sur la capitulation des Ottomans.</p>
<p>« Carthage, en quatre âges, ou l’Histoire de l’Afrique du Nord avant l’islam » (Tunis, 1927) (<a href="http://www.4shared.com/office/ZtiU1Fee/Carthage.html">Télécharger sur 4shared.com</a> /<a href="http://www.elmadani.org/ar/wp-content/uploads/Carthage.pdf"> Télécharger sur elmadani.com</a>)</p>
<p>« Le <a title="Le livre de l'Algérie d'Ahmed Tewfik (Taoufik) El-MAdani" href="http://www.elmadani.org/ar/wp-content/uploads/KitabElDjazair.pdf" target="_blank">Livre de l&rsquo;Algérie</a>« , 1932 (autre lien à partir de <a title="Le livre de l'Algérie d'Ahmed Tewfik el Madani" href="http://archive.org/details/Kitab.Al-jazair" target="_blank">archive.org</a>)</p>
<p><a title="Hannibal" href="https://www.elmadani.org/fr/?p=303">Hannibal, 1948</a></p>
<p><a href="http://www.elmadani.org/ar/wp-content/uploads/hdhh-hy-aljzaer-alm-ar_ptiff1.pdf">Voilà l&rsquo;Algérie (hâdhihi hiya-l-djazâ&rsquo;ir)</a></p>
<p><a href="http://elmadani.org/Documents/Livres/Al-huriyya%20thamratu-l-djihad/Thamra.pdf">Le combat de l&rsquo;Irlande (nidâl irlandâ)</a></p>
<p><a title="Géographie de l'Algérie d'Ahmed Tewfik el Madani" href="http://www.elmadani.org/ar/wp-content/uploads/Gughrafiyatu-l-qutr-al-djazairi.pdf" target="_blank">Géographie de l&rsquo;Algérie</a> (autre lien de <a title="Géographie de l'Algérie d'Ahmed Tewfik el Madani" href="http://ia601008.us.archive.org/1/items/Algeria.Geographic/kitab.pdf" target="_blank">téléchargement</a>)</p>
<p><a href="http://www.elmadani.org/ar/wp-content/uploads/Les%20musulmans%20en%20Sicile%20et%20dans%20le%20sud%20de%20l'Italie.PDF" target="_blank">Les musulmans en Sicile et dans le sud de l&rsquo;Italie (1948)</a></p>
<p><a href="http://www.elmadani.org/ar/mudhakaraat-naqiib-al-ashraaf/" target="_blank">Les mémoires d&rsquo;Ahmad Az-Zahhâr</a></p>
<p><a href="http://www.elmadani.org/ar/wp-content/uploads/La%20guerre%20des%20trois%20cents%20ans%20entre%20l%27Alg%C3%A9rie%20et%20l%27Espagne.pdf" target="_blank">La guerre des trois cents ans entre l’Algérie et l’Espagne, </a>version originale, éd. 1976 (en arabe) à télécharger</p>
<p><span style="text-decoration: underline;"><em><strong>Les études</strong></em></span></p>
<p><a href="http://www.elmadani.org/ar/wp-content/uploads/الوجود-العربي-في-اللغة-التركية-للأستاذ-أحمد-توفيق-المدني.pdf">L&rsquo;arabe dans la langue turque</a></p>
<p><a href="http://www.elmadani.org/ar/?p=605" target="_blank">Le resplandissement de la civilisation islamique en Europe à partir de la Sicile</a></p>
<p><a href="http://www.elmadani.org/ar/?p=618" target="_blank">Prélude à l&rsquo;étude de la dynastie rostémide</a></p>
<p><span style="text-decoration: underline;"><em><strong>Les conférences</strong></em></span></p>
<p><a href="http://www.elmadani.org/ar/wp-content/uploads/Madani-sur-el-Ibrahimi.pdf" target="_blank">« El Ibrahimi: une nation, une génération, une époque », parole d&rsquo;ATM lors de son admission à l&rsquo;académie arabe du Caire.</a></p>
<p><a title="Moubarek el Mili l'hitorien de l'Algérie" href="http://www.elmadani.org/ar/?p=413" target="_blank">« Moubarek el Mili, l&rsquo;Historien de l&rsquo;Algérie », article d&rsquo;ATM publié dans le Chihab d&rsquo;Ibn Badis le 1er mars 1948 à l&rsquo;occasion du 3e anniversaire de la mort de Mili.</a></p>

<p>Cette page est réservée aux ouvrages, études et conférences d&rsquo;ATM qui seront, si Dieu le permet, disponibles en téléchargement. Tous ces documents sont en arabe. Seul le premier [&hellip;]</p>
